{"id":3832,"date":"2022-03-30T19:03:34","date_gmt":"2022-03-30T23:03:34","guid":{"rendered":"https:\/\/fqdq.ca\/?page_id=3832"},"modified":"2022-03-30T19:17:20","modified_gmt":"2022-03-30T23:17:20","slug":"finale-provinciale-2022","status":"publish","type":"page","link":"https:\/\/fqdq.ca\/?page_id=3832","title":{"rendered":"FINALE PROVINCIALE 2022"},"content":{"rendered":"<p>&nbsp;<\/p>\n<figure id=\"attachment_3833\" aria-describedby=\"caption-attachment-3833\" style=\"width: 2560px\" class=\"wp-caption alignnone\"><a href=\"https:\/\/fqdq.ca\/wp-content\/uploads\/2022\/03\/DSC_0621-F-11-ans-et--scaled.jpg\"><img loading=\"lazy\" class=\"wp-image-3833 size-full\" src=\"https:\/\/fqdq.ca\/wp-content\/uploads\/2022\/03\/DSC_0621-F-11-ans-et--scaled.jpg\" alt=\"\" width=\"2560\" height=\"1440\" srcset=\"https:\/\/fqdq.ca\/wp-content\/uploads\/2022\/03\/DSC_0621-F-11-ans-et--scaled.jpg 2560w, https:\/\/fqdq.ca\/wp-content\/uploads\/2022\/03\/DSC_0621-F-11-ans-et--300x169.jpg 300w, https:\/\/fqdq.ca\/wp-content\/uploads\/2022\/03\/DSC_0621-F-11-ans-et--768x432.jpg 768w, https:\/\/fqdq.ca\/wp-content\/uploads\/2022\/03\/DSC_0621-F-11-ans-et--1536x864.jpg 1536w, https:\/\/fqdq.ca\/wp-content\/uploads\/2022\/03\/DSC_0621-F-11-ans-et--2048x1152.jpg 2048w\" sizes=\"(max-width: 2560px) 100vw, 2560px\" \/><\/a><figcaption id=\"caption-attachment-3833\" class=\"wp-caption-text\">M\u00e9daill\u00e9e d&rsquo;Argent: Juliette Tremblay-Drapeau, Or: Natacha Mai-Martel. Bronze: Chlo\u00e9 Dion. Cat\u00e9gorie 11- Filles<\/figcaption><\/figure>\n<figure id=\"attachment_3834\" aria-describedby=\"caption-attachment-3834\" style=\"width: 2560px\" class=\"wp-caption alignnone\"><a href=\"https:\/\/fqdq.ca\/wp-content\/uploads\/2022\/03\/DSC_0624-G-11-ans-et--scaled.jpg\"><img loading=\"lazy\" class=\"wp-image-3834 size-full\" src=\"https:\/\/fqdq.ca\/wp-content\/uploads\/2022\/03\/DSC_0624-G-11-ans-et--scaled.jpg\" alt=\"\" width=\"2560\" height=\"1440\" srcset=\"https:\/\/fqdq.ca\/wp-content\/uploads\/2022\/03\/DSC_0624-G-11-ans-et--scaled.jpg 2560w, https:\/\/fqdq.ca\/wp-content\/uploads\/2022\/03\/DSC_0624-G-11-ans-et--300x169.jpg 300w, https:\/\/fqdq.ca\/wp-content\/uploads\/2022\/03\/DSC_0624-G-11-ans-et--768x432.jpg 768w, https:\/\/fqdq.ca\/wp-content\/uploads\/2022\/03\/DSC_0624-G-11-ans-et--1536x864.jpg 1536w, https:\/\/fqdq.ca\/wp-content\/uploads\/2022\/03\/DSC_0624-G-11-ans-et--2048x1152.jpg 2048w\" sizes=\"(max-width: 2560px) 100vw, 2560px\" \/><\/a><figcaption id=\"caption-attachment-3834\" class=\"wp-caption-text\">M\u00e9daill\u00e9 de Bronze: Charles-Antoine Bendo, Or: Nathan Wilson, Bronze: Antoine Lessard. Cat\u00e9gorie 11- Gar\u00e7ons<\/figcaption><\/figure>\n<figure id=\"attachment_3835\" aria-describedby=\"caption-attachment-3835\" style=\"width: 2560px\" class=\"wp-caption alignnone\"><a href=\"https:\/\/fqdq.ca\/wp-content\/uploads\/2022\/03\/DSC_0626-F-12-14-ans-scaled.jpg\"><img loading=\"lazy\" class=\"wp-image-3835 size-full\" src=\"https:\/\/fqdq.ca\/wp-content\/uploads\/2022\/03\/DSC_0626-F-12-14-ans-scaled.jpg\" alt=\"\" width=\"2560\" height=\"1440\" srcset=\"https:\/\/fqdq.ca\/wp-content\/uploads\/2022\/03\/DSC_0626-F-12-14-ans-scaled.jpg 2560w, https:\/\/fqdq.ca\/wp-content\/uploads\/2022\/03\/DSC_0626-F-12-14-ans-300x169.jpg 300w, https:\/\/fqdq.ca\/wp-content\/uploads\/2022\/03\/DSC_0626-F-12-14-ans-768x432.jpg 768w, https:\/\/fqdq.ca\/wp-content\/uploads\/2022\/03\/DSC_0626-F-12-14-ans-1536x864.jpg 1536w, https:\/\/fqdq.ca\/wp-content\/uploads\/2022\/03\/DSC_0626-F-12-14-ans-2048x1152.jpg 2048w\" sizes=\"(max-width: 2560px) 100vw, 2560px\" \/><\/a><figcaption id=\"caption-attachment-3835\" class=\"wp-caption-text\">M\u00e9daill\u00e9e d&rsquo;Argent: Ann-Fr\u00e9d\u00e9rique Jolin, Or: Alex-Anne Auclair, Bronze: Magalie Bisson. Cat\u00e9gorie 12-14 ans Filles<\/figcaption><\/figure>\n<p>&nbsp;<\/p>\n<figure id=\"attachment_3836\" aria-describedby=\"caption-attachment-3836\" style=\"width: 2560px\" class=\"wp-caption alignnone\"><a href=\"https:\/\/fqdq.ca\/wp-content\/uploads\/2022\/03\/DSC_0627-G-12-14-ans-scaled.jpg\"><img loading=\"lazy\" class=\"wp-image-3836 size-full\" src=\"https:\/\/fqdq.ca\/wp-content\/uploads\/2022\/03\/DSC_0627-G-12-14-ans-scaled.jpg\" alt=\"\" width=\"2560\" height=\"1440\" srcset=\"https:\/\/fqdq.ca\/wp-content\/uploads\/2022\/03\/DSC_0627-G-12-14-ans-scaled.jpg 2560w, https:\/\/fqdq.ca\/wp-content\/uploads\/2022\/03\/DSC_0627-G-12-14-ans-300x169.jpg 300w, https:\/\/fqdq.ca\/wp-content\/uploads\/2022\/03\/DSC_0627-G-12-14-ans-768x432.jpg 768w, https:\/\/fqdq.ca\/wp-content\/uploads\/2022\/03\/DSC_0627-G-12-14-ans-1536x864.jpg 1536w, https:\/\/fqdq.ca\/wp-content\/uploads\/2022\/03\/DSC_0627-G-12-14-ans-2048x1152.jpg 2048w\" sizes=\"(max-width: 2560px) 100vw, 2560px\" \/><\/a><figcaption id=\"caption-attachment-3836\" class=\"wp-caption-text\">M\u00e9daill\u00e9 d&rsquo;Argent: Alexis Tam, Or: Maxime Allard, Bronze: Jake Walker. Cat\u00e9gorie 12-14 ans Gar\u00e7ons<\/figcaption><\/figure>\n<p>&nbsp;<\/p>\n<figure id=\"attachment_3837\" aria-describedby=\"caption-attachment-3837\" style=\"width: 2560px\" class=\"wp-caption alignnone\"><a href=\"https:\/\/fqdq.ca\/wp-content\/uploads\/2022\/03\/DSC_0629-F-15-17-ans-scaled.jpg\"><img loading=\"lazy\" class=\"wp-image-3837 size-full\" src=\"https:\/\/fqdq.ca\/wp-content\/uploads\/2022\/03\/DSC_0629-F-15-17-ans-scaled.jpg\" alt=\"\" width=\"2560\" height=\"1440\" srcset=\"https:\/\/fqdq.ca\/wp-content\/uploads\/2022\/03\/DSC_0629-F-15-17-ans-scaled.jpg 2560w, https:\/\/fqdq.ca\/wp-content\/uploads\/2022\/03\/DSC_0629-F-15-17-ans-300x169.jpg 300w, https:\/\/fqdq.ca\/wp-content\/uploads\/2022\/03\/DSC_0629-F-15-17-ans-768x432.jpg 768w, https:\/\/fqdq.ca\/wp-content\/uploads\/2022\/03\/DSC_0629-F-15-17-ans-1536x864.jpg 1536w, https:\/\/fqdq.ca\/wp-content\/uploads\/2022\/03\/DSC_0629-F-15-17-ans-2048x1152.jpg 2048w\" sizes=\"(max-width: 2560px) 100vw, 2560px\" \/><\/a><figcaption id=\"caption-attachment-3837\" class=\"wp-caption-text\">M\u00e9daill\u00e9e d&rsquo;Argent: L\u00e9a Beaumont, Or: Mei Yen Lachapelle, Cat\u00e9gorie 15-17 ans Filles<\/figcaption><\/figure>\n<p>&nbsp;<\/p>\n<figure id=\"attachment_3838\" aria-describedby=\"caption-attachment-3838\" style=\"width: 2560px\" class=\"wp-caption alignnone\"><a href=\"https:\/\/fqdq.ca\/wp-content\/uploads\/2022\/03\/DSC_0631-G-15-17-ans-scaled.jpg\"><img loading=\"lazy\" class=\"wp-image-3838 size-full\" src=\"https:\/\/fqdq.ca\/wp-content\/uploads\/2022\/03\/DSC_0631-G-15-17-ans-scaled.jpg\" alt=\"\" width=\"2560\" height=\"1440\" srcset=\"https:\/\/fqdq.ca\/wp-content\/uploads\/2022\/03\/DSC_0631-G-15-17-ans-scaled.jpg 2560w, https:\/\/fqdq.ca\/wp-content\/uploads\/2022\/03\/DSC_0631-G-15-17-ans-300x169.jpg 300w, https:\/\/fqdq.ca\/wp-content\/uploads\/2022\/03\/DSC_0631-G-15-17-ans-768x432.jpg 768w, https:\/\/fqdq.ca\/wp-content\/uploads\/2022\/03\/DSC_0631-G-15-17-ans-1536x864.jpg 1536w, https:\/\/fqdq.ca\/wp-content\/uploads\/2022\/03\/DSC_0631-G-15-17-ans-2048x1152.jpg 2048w\" sizes=\"(max-width: 2560px) 100vw, 2560px\" \/><\/a><figcaption id=\"caption-attachment-3838\" class=\"wp-caption-text\">M\u00e9daill\u00e9 d&rsquo;Argent: William Tremblay, Or: Alexandre Gareau, Bronze: Mathis Blanchette (absent lors de la photo). Cat\u00e9gorie 15-17 ans Gar\u00e7ons<\/figcaption><\/figure>\n<p>&nbsp;<\/p>\n<figure id=\"attachment_3839\" aria-describedby=\"caption-attachment-3839\" style=\"width: 2560px\" class=\"wp-caption alignnone\"><a href=\"https:\/\/fqdq.ca\/wp-content\/uploads\/2022\/03\/DSC_0633-F-18-21-ans-scaled.jpg\"><img loading=\"lazy\" class=\"wp-image-3839 size-full\" src=\"https:\/\/fqdq.ca\/wp-content\/uploads\/2022\/03\/DSC_0633-F-18-21-ans-scaled.jpg\" alt=\"\" width=\"2560\" height=\"1440\" srcset=\"https:\/\/fqdq.ca\/wp-content\/uploads\/2022\/03\/DSC_0633-F-18-21-ans-scaled.jpg 2560w, https:\/\/fqdq.ca\/wp-content\/uploads\/2022\/03\/DSC_0633-F-18-21-ans-300x169.jpg 300w, https:\/\/fqdq.ca\/wp-content\/uploads\/2022\/03\/DSC_0633-F-18-21-ans-768x432.jpg 768w, https:\/\/fqdq.ca\/wp-content\/uploads\/2022\/03\/DSC_0633-F-18-21-ans-1536x864.jpg 1536w, https:\/\/fqdq.ca\/wp-content\/uploads\/2022\/03\/DSC_0633-F-18-21-ans-2048x1152.jpg 2048w\" sizes=\"(max-width: 2560px) 100vw, 2560px\" \/><\/a><figcaption id=\"caption-attachment-3839\" class=\"wp-caption-text\">M\u00e9daill\u00e9e d&rsquo;Argent: \u00c9lodie Annett, Or: Jeanne Mainguy, Bronze: Naomie Erbetta. Cat\u00e9gorie 18-21 ans Filles<\/figcaption><\/figure>\n<figure id=\"attachment_3840\" aria-describedby=\"caption-attachment-3840\" style=\"width: 2560px\" class=\"wp-caption alignnone\"><a href=\"https:\/\/fqdq.ca\/wp-content\/uploads\/2022\/03\/DSC_0635-G-18-21-ans-scaled.jpg\"><img loading=\"lazy\" class=\"wp-image-3840 size-full\" src=\"https:\/\/fqdq.ca\/wp-content\/uploads\/2022\/03\/DSC_0635-G-18-21-ans-scaled.jpg\" alt=\"\" width=\"2560\" height=\"1440\" srcset=\"https:\/\/fqdq.ca\/wp-content\/uploads\/2022\/03\/DSC_0635-G-18-21-ans-scaled.jpg 2560w, https:\/\/fqdq.ca\/wp-content\/uploads\/2022\/03\/DSC_0635-G-18-21-ans-300x169.jpg 300w, https:\/\/fqdq.ca\/wp-content\/uploads\/2022\/03\/DSC_0635-G-18-21-ans-768x432.jpg 768w, https:\/\/fqdq.ca\/wp-content\/uploads\/2022\/03\/DSC_0635-G-18-21-ans-1536x864.jpg 1536w, https:\/\/fqdq.ca\/wp-content\/uploads\/2022\/03\/DSC_0635-G-18-21-ans-2048x1152.jpg 2048w\" sizes=\"(max-width: 2560px) 100vw, 2560px\" \/><\/a><figcaption id=\"caption-attachment-3840\" class=\"wp-caption-text\">M\u00e9daill\u00e9 d&rsquo;Argent: Didier Yen Lachapelle, Or: Alexandre Duchesne, Bronze: Reese John. Cat\u00e9gorie 18-21 ans Gar\u00e7ons<\/figcaption><\/figure>\n<p>&nbsp;<\/p>\n<figure id=\"attachment_3841\" aria-describedby=\"caption-attachment-3841\" style=\"width: 2560px\" class=\"wp-caption alignnone\"><a href=\"https:\/\/fqdq.ca\/wp-content\/uploads\/2022\/03\/DSC_0637-Equipe-scaled.jpg\"><img loading=\"lazy\" class=\"wp-image-3841 size-full\" src=\"https:\/\/fqdq.ca\/wp-content\/uploads\/2022\/03\/DSC_0637-Equipe-scaled.jpg\" alt=\"\" width=\"2560\" height=\"1440\" srcset=\"https:\/\/fqdq.ca\/wp-content\/uploads\/2022\/03\/DSC_0637-Equipe-scaled.jpg 2560w, https:\/\/fqdq.ca\/wp-content\/uploads\/2022\/03\/DSC_0637-Equipe-300x169.jpg 300w, https:\/\/fqdq.ca\/wp-content\/uploads\/2022\/03\/DSC_0637-Equipe-768x432.jpg 768w, https:\/\/fqdq.ca\/wp-content\/uploads\/2022\/03\/DSC_0637-Equipe-1536x864.jpg 1536w, https:\/\/fqdq.ca\/wp-content\/uploads\/2022\/03\/DSC_0637-Equipe-2048x1152.jpg 2048w\" sizes=\"(max-width: 2560px) 100vw, 2560px\" \/><\/a><figcaption id=\"caption-attachment-3841\" class=\"wp-caption-text\">\u00c9quipe Qu\u00e9bec 2022: de g. \u00e0 d.,en avant: la g\u00e9rante de l&rsquo;\u00e9quipe: Andr\u00e9anne Blouin, Nathan Wilson, Jeanne Mainguy, Natacha Mai-Martel, Maxime Allard. 2e rang\u00e9e: Alexandre Duchesne, Mei Yen-Lachapelle, Alex-Anne Auclair, Alexandre Gareau, l&rsquo;entraineur: Dave Poupart.<\/figcaption><\/figure>\n<p>&nbsp;<\/p>\n","protected":false},"excerpt":{"rendered":"<p>&nbsp; &nbsp; &nbsp; &nbsp; &nbsp; &nbsp; &nbsp;<\/p>\n","protected":false},"author":2,"featured_media":0,"parent":0,"menu_order":0,"comment_status":"closed","ping_status":"closed","template":"","meta":[],"_links":{"self":[{"href":"https:\/\/fqdq.ca\/index.php?rest_route=\/wp\/v2\/pages\/3832"}],"collection":[{"href":"https:\/\/fqdq.ca\/index.php?rest_route=\/wp\/v2\/pages"}],"about":[{"href":"https:\/\/fqdq.ca\/index.php?rest_route=\/wp\/v2\/types\/page"}],"author":[{"embeddable":true,"href":"https:\/\/fqdq.ca\/index.php?rest_route=\/wp\/v2\/users\/2"}],"replies":[{"embeddable":true,"href":"https:\/\/fqdq.ca\/index.php?rest_route=%2Fwp%2Fv2%2Fcomments&post=3832"}],"version-history":[{"count":10,"href":"https:\/\/fqdq.ca\/index.php?rest_route=\/wp\/v2\/pages\/3832\/revisions"}],"predecessor-version":[{"id":3853,"href":"https:\/\/fqdq.ca\/index.php?rest_route=\/wp\/v2\/pages\/3832\/revisions\/3853"}],"wp:attachment":[{"href":"https:\/\/fqdq.ca\/index.php?rest_route=%2Fwp%2Fv2%2Fmedia&parent=3832"}],"curies":[{"name":"wp","href":"https:\/\/api.w.org\/{rel}","templated":true}]}}

<p>&nbsp;</p>
<figure id="attachment_3833" aria-describedby="caption-attachment-3833" style="width: 2560px" class="wp-caption alignnone"><a href="https://fqdq.ca/wp-content/uploads/2022/03/DSC_0621-F-11-ans-et--scaled.jpg"><img loading="lazy" class="wp-image-3833 size-full" src="https://fqdq.ca/wp-content/uploads/2022/03/DSC_0621-F-11-ans-et--scaled.jpg" alt="" width="2560" height="1440" srcset="https://fqdq.ca/wp-content/uploads/2022/03/DSC_0621-F-11-ans-et--scaled.jpg 2560w, https://fqdq.ca/wp-content/uploads/2022/03/DSC_0621-F-11-ans-et--300x169.jpg 300w, https://fqdq.ca/wp-content/uploads/2022/03/DSC_0621-F-11-ans-et--768x432.jpg 768w, https://fqdq.ca/wp-content/uploads/2022/03/DSC_0621-F-11-ans-et--1536x864.jpg 1536w, https://fqdq.ca/wp-content/uploads/2022/03/DSC_0621-F-11-ans-et--2048x1152.jpg 2048w" sizes="(max-width: 2560px) 100vw, 2560px" /></a><figcaption id="caption-attachment-3833" class="wp-caption-text">Médaillée d&rsquo;Argent: Juliette Tremblay-Drapeau, Or: Natacha Mai-Martel. Bronze: Chloé Dion. Catégorie 11- Filles</figcaption></figure>
<figure id="attachment_3834" aria-describedby="caption-attachment-3834" style="width: 2560px" class="wp-caption alignnone"><a href="https://fqdq.ca/wp-content/uploads/2022/03/DSC_0624-G-11-ans-et--scaled.jpg"><img loading="lazy" class="wp-image-3834 size-full" src="https://fqdq.ca/wp-content/uploads/2022/03/DSC_0624-G-11-ans-et--scaled.jpg" alt="" width="2560" height="1440" srcset="https://fqdq.ca/wp-content/uploads/2022/03/DSC_0624-G-11-ans-et--scaled.jpg 2560w, https://fqdq.ca/wp-content/uploads/2022/03/DSC_0624-G-11-ans-et--300x169.jpg 300w, https://fqdq.ca/wp-content/uploads/2022/03/DSC_0624-G-11-ans-et--768x432.jpg 768w, https://fqdq.ca/wp-content/uploads/2022/03/DSC_0624-G-11-ans-et--1536x864.jpg 1536w, https://fqdq.ca/wp-content/uploads/2022/03/DSC_0624-G-11-ans-et--2048x1152.jpg 2048w" sizes="(max-width: 2560px) 100vw, 2560px" /></a><figcaption id="caption-attachment-3834" class="wp-caption-text">Médaillé de Bronze: Charles-Antoine Bendo, Or: Nathan Wilson, Bronze: Antoine Lessard. Catégorie 11- Garçons</figcaption></figure>
<figure id="attachment_3835" aria-describedby="caption-attachment-3835" style="width: 2560px" class="wp-caption alignnone"><a href="https://fqdq.ca/wp-content/uploads/2022/03/DSC_0626-F-12-14-ans-scaled.jpg"><img loading="lazy" class="wp-image-3835 size-full" src="https://fqdq.ca/wp-content/uploads/2022/03/DSC_0626-F-12-14-ans-scaled.jpg" alt="" width="2560" height="1440" srcset="https://fqdq.ca/wp-content/uploads/2022/03/DSC_0626-F-12-14-ans-scaled.jpg 2560w, https://fqdq.ca/wp-content/uploads/2022/03/DSC_0626-F-12-14-ans-300x169.jpg 300w, https://fqdq.ca/wp-content/uploads/2022/03/DSC_0626-F-12-14-ans-768x432.jpg 768w, https://fqdq.ca/wp-content/uploads/2022/03/DSC_0626-F-12-14-ans-1536x864.jpg 1536w, https://fqdq.ca/wp-content/uploads/2022/03/DSC_0626-F-12-14-ans-2048x1152.jpg 2048w" sizes="(max-width: 2560px) 100vw, 2560px" /></a><figcaption id="caption-attachment-3835" class="wp-caption-text">Médaillée d&rsquo;Argent: Ann-Frédérique Jolin, Or: Alex-Anne Auclair, Bronze: Magalie Bisson. Catégorie 12-14 ans Filles</figcaption></figure>
<p>&nbsp;</p>
<figure id="attachment_3836" aria-describedby="caption-attachment-3836" style="width: 2560px" class="wp-caption alignnone"><a href="https://fqdq.ca/wp-content/uploads/2022/03/DSC_0627-G-12-14-ans-scaled.jpg"><img loading="lazy" class="wp-image-3836 size-full" src="https://fqdq.ca/wp-content/uploads/2022/03/DSC_0627-G-12-14-ans-scaled.jpg" alt="" width="2560" height="1440" srcset="https://fqdq.ca/wp-content/uploads/2022/03/DSC_0627-G-12-14-ans-scaled.jpg 2560w, https://fqdq.ca/wp-content/uploads/2022/03/DSC_0627-G-12-14-ans-300x169.jpg 300w, https://fqdq.ca/wp-content/uploads/2022/03/DSC_0627-G-12-14-ans-768x432.jpg 768w, https://fqdq.ca/wp-content/uploads/2022/03/DSC_0627-G-12-14-ans-1536x864.jpg 1536w, https://fqdq.ca/wp-content/uploads/2022/03/DSC_0627-G-12-14-ans-2048x1152.jpg 2048w" sizes="(max-width: 2560px) 100vw, 2560px" /></a><figcaption id="caption-attachment-3836" class="wp-caption-text">Médaillé d&rsquo;Argent: Alexis Tam, Or: Maxime Allard, Bronze: Jake Walker. Catégorie 12-14 ans Garçons</figcaption></figure>
<p>&nbsp;</p>
<figure id="attachment_3837" aria-describedby="caption-attachment-3837" style="width: 2560px" class="wp-caption alignnone"><a href="https://fqdq.ca/wp-content/uploads/2022/03/DSC_0629-F-15-17-ans-scaled.jpg"><img loading="lazy" class="wp-image-3837 size-full" src="https://fqdq.ca/wp-content/uploads/2022/03/DSC_0629-F-15-17-ans-scaled.jpg" alt="" width="2560" height="1440" srcset="https://fqdq.ca/wp-content/uploads/2022/03/DSC_0629-F-15-17-ans-scaled.jpg 2560w, https://fqdq.ca/wp-content/uploads/2022/03/DSC_0629-F-15-17-ans-300x169.jpg 300w, https://fqdq.ca/wp-content/uploads/2022/03/DSC_0629-F-15-17-ans-768x432.jpg 768w, https://fqdq.ca/wp-content/uploads/2022/03/DSC_0629-F-15-17-ans-1536x864.jpg 1536w, https://fqdq.ca/wp-content/uploads/2022/03/DSC_0629-F-15-17-ans-2048x1152.jpg 2048w" sizes="(max-width: 2560px) 100vw, 2560px" /></a><figcaption id="caption-attachment-3837" class="wp-caption-text">Médaillée d&rsquo;Argent: Léa Beaumont, Or: Mei Yen Lachapelle, Catégorie 15-17 ans Filles</figcaption></figure>
<p>&nbsp;</p>
<figure id="attachment_3838" aria-describedby="caption-attachment-3838" style="width: 2560px" class="wp-caption alignnone"><a href="https://fqdq.ca/wp-content/uploads/2022/03/DSC_0631-G-15-17-ans-scaled.jpg"><img loading="lazy" class="wp-image-3838 size-full" src="https://fqdq.ca/wp-content/uploads/2022/03/DSC_0631-G-15-17-ans-scaled.jpg" alt="" width="2560" height="1440" srcset="https://fqdq.ca/wp-content/uploads/2022/03/DSC_0631-G-15-17-ans-scaled.jpg 2560w, https://fqdq.ca/wp-content/uploads/2022/03/DSC_0631-G-15-17-ans-300x169.jpg 300w, https://fqdq.ca/wp-content/uploads/2022/03/DSC_0631-G-15-17-ans-768x432.jpg 768w, https://fqdq.ca/wp-content/uploads/2022/03/DSC_0631-G-15-17-ans-1536x864.jpg 1536w, https://fqdq.ca/wp-content/uploads/2022/03/DSC_0631-G-15-17-ans-2048x1152.jpg 2048w" sizes="(max-width: 2560px) 100vw, 2560px" /></a><figcaption id="caption-attachment-3838" class="wp-caption-text">Médaillé d&rsquo;Argent: William Tremblay, Or: Alexandre Gareau, Bronze: Mathis Blanchette (absent lors de la photo). Catégorie 15-17 ans Garçons</figcaption></figure>
<p>&nbsp;</p>
<figure id="attachment_3839" aria-describedby="caption-attachment-3839" style="width: 2560px" class="wp-caption alignnone"><a href="https://fqdq.ca/wp-content/uploads/2022/03/DSC_0633-F-18-21-ans-scaled.jpg"><img loading="lazy" class="wp-image-3839 size-full" src="https://fqdq.ca/wp-content/uploads/2022/03/DSC_0633-F-18-21-ans-scaled.jpg" alt="" width="2560" height="1440" srcset="https://fqdq.ca/wp-content/uploads/2022/03/DSC_0633-F-18-21-ans-scaled.jpg 2560w, https://fqdq.ca/wp-content/uploads/2022/03/DSC_0633-F-18-21-ans-300x169.jpg 300w, https://fqdq.ca/wp-content/uploads/2022/03/DSC_0633-F-18-21-ans-768x432.jpg 768w, https://fqdq.ca/wp-content/uploads/2022/03/DSC_0633-F-18-21-ans-1536x864.jpg 1536w, https://fqdq.ca/wp-content/uploads/2022/03/DSC_0633-F-18-21-ans-2048x1152.jpg 2048w" sizes="(max-width: 2560px) 100vw, 2560px" /></a><figcaption id="caption-attachment-3839" class="wp-caption-text">Médaillée d&rsquo;Argent: Élodie Annett, Or: Jeanne Mainguy, Bronze: Naomie Erbetta. Catégorie 18-21 ans Filles</figcaption></figure>
<figure id="attachment_3840" aria-describedby="caption-attachment-3840" style="width: 2560px" class="wp-caption alignnone"><a href="https://fqdq.ca/wp-content/uploads/2022/03/DSC_0635-G-18-21-ans-scaled.jpg"><img loading="lazy" class="wp-image-3840 size-full" src="https://fqdq.ca/wp-content/uploads/2022/03/DSC_0635-G-18-21-ans-scaled.jpg" alt="" width="2560" height="1440" srcset="https://fqdq.ca/wp-content/uploads/2022/03/DSC_0635-G-18-21-ans-scaled.jpg 2560w, https://fqdq.ca/wp-content/uploads/2022/03/DSC_0635-G-18-21-ans-300x169.jpg 300w, https://fqdq.ca/wp-content/uploads/2022/03/DSC_0635-G-18-21-ans-768x432.jpg 768w, https://fqdq.ca/wp-content/uploads/2022/03/DSC_0635-G-18-21-ans-1536x864.jpg 1536w, https://fqdq.ca/wp-content/uploads/2022/03/DSC_0635-G-18-21-ans-2048x1152.jpg 2048w" sizes="(max-width: 2560px) 100vw, 2560px" /></a><figcaption id="caption-attachment-3840" class="wp-caption-text">Médaillé d&rsquo;Argent: Didier Yen Lachapelle, Or: Alexandre Duchesne, Bronze: Reese John. Catégorie 18-21 ans Garçons</figcaption></figure>
<p>&nbsp;</p>
<figure id="attachment_3841" aria-describedby="caption-attachment-3841" style="width: 2560px" class="wp-caption alignnone"><a href="https://fqdq.ca/wp-content/uploads/2022/03/DSC_0637-Equipe-scaled.jpg"><img loading="lazy" class="wp-image-3841 size-full" src="https://fqdq.ca/wp-content/uploads/2022/03/DSC_0637-Equipe-scaled.jpg" alt="" width="2560" height="1440" srcset="https://fqdq.ca/wp-content/uploads/2022/03/DSC_0637-Equipe-scaled.jpg 2560w, https://fqdq.ca/wp-content/uploads/2022/03/DSC_0637-Equipe-300x169.jpg 300w, https://fqdq.ca/wp-content/uploads/2022/03/DSC_0637-Equipe-768x432.jpg 768w, https://fqdq.ca/wp-content/uploads/2022/03/DSC_0637-Equipe-1536x864.jpg 1536w, https://fqdq.ca/wp-content/uploads/2022/03/DSC_0637-Equipe-2048x1152.jpg 2048w" sizes="(max-width: 2560px) 100vw, 2560px" /></a><figcaption id="caption-attachment-3841" class="wp-caption-text">Équipe Québec 2022: de g. à d.,en avant: la gérante de l&rsquo;équipe: Andréanne Blouin, Nathan Wilson, Jeanne Mainguy, Natacha Mai-Martel, Maxime Allard. 2e rangée: Alexandre Duchesne, Mei Yen-Lachapelle, Alex-Anne Auclair, Alexandre Gareau, l&rsquo;entraineur: Dave Poupart.</figcaption></figure>
<p>&nbsp;</p>
